
Let r(x) = -4*x**3 - 6*x**2 + 3*x - 2. Let c(v) = -v**3 - v**2 + 1. Let l = -6 - -7. Let o(f) = l*r(f) - 3*c(f). Suppose 0 = -2*h + 4*h + 8. Determine o(h).
-1
Let r(f) = -f**3 - 6*f**2 - f + 3. Let q be (-5 - 6/(-3)) + -3. Give r(q).
9
Let f be 2*(-5)/(-2) + 0. Let s(l) = -2*l + 5. Let i(j) = -6*j + 16. Let b(w) = -2*i(w) + 7*s(w). Calculate b(f).
-7
Let v be 4/6 - (-52)/12. Suppose 0 = -2*c + v*c - 9. Let a(q) = 2*q + 7*q**3 + 1 - q**c - 3*q. Calculate a(1).
6
Let p = 25 + -28. Let b(s) = -s**3 - 4*s**2 - s - 2. Give b(p).
-8
Let w(t) be the third derivative of t**4/24 - 4*t**3/3 - 2*t**2. Let m be w(6). Let u(v) = -v**3 - v**2 - 2*v - 3. What is u(m)?
5
Let g be -2*(1 + 1 + 0). Let m(p) = -5*p + 1. Let k(h) = 9*h - 1. Let c(j) = -6*k(j) - 10*m(j). What is c(g)?
12
Let k(j) be the first derivative of j**2/2 + 7*j + 31. Give k(-6).
1
Let t(p) = p**3 - 13*p**2 - 15*p + 19. Let r be t(14). Let q(h) = -h**3 + 5*h**2 - 2*h. Give q(r).
-10
Let a = 5 + -7. Suppose -2*j - 2*r = 2*r + 20, 20 = -5*j - 4*r. Let u(t) = 4*t**2 + j*t + 1 - 2*t**2 + 2*t. Determine u(a).
5
Suppose 11*i = -2*i - 39. Let h(s) = -2*s**2 + 2*s + 4. Give h(i).
-20
Let w(u) be the first derivative of u**3/3 + 2*u**2 - 5*u + 1. Let h be (-54)/13 + (-8)/(-52). Give w(h).
-5
Let g(d) = d**3 - d**2 - 2*d + 1. Let j(s) = -3*s + s - 2*s. Let f be j(-2). Suppose 0 = -2*z - 3*p + f, -p + 2 = -4*z - 10. Determine g(z).
-7
Let u = -11 + 1. Let r = -6 - u. Let o(n) = -5*n**2 + 4*n**2 + 6*n + 0*n**2 + 3. Determine o(r).
11
Let p(a) = -7*a + 2. Let y(o) = -3*o + 1. Let n(j) = 2*p(j) - 5*y(j). Let m(t) = t - 7. Let l be m(11). Give n(l).
3
Suppose 0 = n + 4*o - 8, -3*o + 4*o - 2 = 0. Let f(v) = v + 1. Determine f(n).
1
Suppose -4*i - 16 = 3*w, 4*i + 25 = -4*w + 9. Let d(f) be the first derivative of -1/3*f**3 + 2*f - 3 - 2*f**2. Calculate d(i).
2
Let v(r) = -4*r + 2*r + 7*r + 4 - 2. What is v(-2)?
-8
Let j(i) = -i**2 + 8*i - 3. Let v be 2 + 15*4/12. Determine j(v).
4
Suppose -2*z - 8 = -4*z. Suppose 0 = -3*w - 9, 0 = -z*a - 6*w + w - 15. Let s(u) = -u + 2. Calculate s(a).
2
Let p(n) = -4*n**2 - 2 - 5 + 6*n + 7*n**2 - n**2. Determine p(-5).
13
Suppose -3*c + 6*c = -3*k, -3*k - 5*c = -6. Let f(x) = -x**3 - 5*x - 4*x**2 + x + 2 - 1. Calculate f(k).
4
Let j(q) = 24 + 9*q - 11 - q**2 - 16. Calculate j(7).
11
Let t = 3 + 0. Let z(i) = -i**3 + 4 - 5 + 4*i**2 - 2*i + 4 + 0*i**t. Give z(4).
-5
Let k(p) = -9*p - 3 - 8 - 5*p**3 + 2*p**2 - 4*p**2. Let z(v) = -9*v**3 - 3*v**2 - 17*v - 21. Let h(i) = 11*k(i) - 6*z(i). Let y = 3 - 7. What is h(y)?
-7
Let t(m) = -5*m - 10. Let r(d) = 9*d + 19. Let k(p) = 6*r(p) + 11*t(p). Let u(v) = v**2 + 5*v. Let f be u(-4). Determine k(f).
8
Let p(t) be the first derivative of -t**3/3 + 5*t**2/2 + 7*t + 15. Give p(7).
-7
Let z(r) = 4*r + 1. Let d(h) = 11*h + 3. Let f(v) = 3*d(v) - 8*z(v). Let x(j) = j**3 + 4*j**2 + 3*j + 6. Let s be x(-4). Determine f(s).
-5
Suppose -b - 10 + 12 = 0. Let c(d) = 2*d - 5 + 3*d**2 - 2*d + b*d + 3. Calculate c(2).
14
Let l(t) = t**3 + 5*t**2 + 6*t. Let k be 3*-2*(-4)/(-6). Give l(k).
-8
Let l = 9 - 7. Let j(p) = p - p - l*p + 4. Let x be 4 - (-1 + 2)*1. What is j(x)?
-2
Let c(n) be the first derivative of -n**3/3 - n**2 + n + 7. Calculate c(-4).
-7
Suppose c + 2*v - 10 = 0, 3*v - 12 = -0*v. Let q(k) = 5 + 2*k**2 + k**c + 4*k - 4*k**2. Let z be q(5). Let s(h) = -h**2 + h - 5. Give s(z).
-5
Let j(r) be the third derivative of -r**5/60 + r**3/3 - 2*r**2. Let c(u) be the first derivative of j(u). Give c(3).
-6
Let l be 21/14*(-2 - 0). Let v(q) = -q**3 - 3*q**2 + 5*q + 6. Let i(n) = -3*n**3 - 10*n**2 + 15*n + 19. Let j(w) = 2*i(w) - 7*v(w). Give j(l).
-7
Let x be (-12)/(-9)*36/8. Let o(w) = -x*w - 2 - w - 2 + 5*w. What is o(-3)?
2
Let v(p) = 4 + 3*p + p - 5*p. Suppose 5*o - 68 = -4*g, -2 = -g - 0*g. Suppose 3*y + 4*b = 15 + o, -5*y + 4*b + 13 = 0. Determine v(y).
-1
Let t(a) = a**3 - 6*a**2 - 3*a + 4. Let c = 14 - 8. What is t(c)?
-14
Let l(w) = 3 + 4*w**2 - 4*w**2 + w**2 - 5*w. Let b be l(5). Let i(d) = 1 - 7*d**2 - 4 + b. What is i(1)?
-7
Let s(v) = -3*v**2 - 2*v - 1. Suppose -k = 4*k - 15. Calculate s(k).
-34
Suppose -2*p - 2*p + 12 = 0. Let n(w) = 7*w**2 + 5*w + 5 + w**2 - p*w**2 + 0*w**3 + w**3. Give n(-4).
1
Suppose 2 = 2*l - 6. Let g(v) = l - 5 - 17*v + 7*v. Let z(w) = -w - 9. Let y be z(-8). Determine g(y).
9
Suppose -2*j - 10 = 0, 3*j + j + 21 = w. Let l(u) = -u**2 - 1. Give l(w).
-2
Let y(x) = -1 + 2 - 6 - 4 + x. Give y(8).
-1
Let p(q) = -10*q**3 + 2*q**2 - q - 4. Let s(c) = -3*c**3 + c**2 - 1. Let w(h) = -2*p(h) + 7*s(h). Calculate w(4).
-7
Suppose -u - 4*f + 20 = 0, -5*u - 4*f + 19 = -1. Let h = 5 + u. Let b(x) = x**2 - 6*x - 2. What is b(h)?
-7
Let t(b) = -11*b - 15. Let y(u) = -5*u - 7. Let w(v) = 6*t(v) - 13*y(v). What is w(1)?
0
Let w(d) = -d + 1. Let c(g) = g**3 + 7*g**2 - g - 3. Let b(y) = y**3 + 7*y**2 - y - 4. Let a(n) = -5*b(n) + 4*c(n). Let l be a(-7). Calculate w(l).
0
Suppose -3*d - 2*d - 13 = 3*p, -5*p - 28 = 2*d. Let m(u) = 0*u**2 + 1 + 6*u**2 + u**3 + 6 - u. Determine m(p).
13
Let t = 1 + 1. Suppose -20 = -5*v - 3*g, -g + 14 + t = 4*v. Let l(d) = -3*d**2 + d + 4. Let u(k) = -2*k**2 + 4. Let w(h) = 3*l(h) - 4*u(h). What is w(v)?
-8
Suppose 3*m = -2*l + 6*m + 28, 3*m + 88 = 5*l. Suppose 5*z - 2*p = l, 4*p - 5*p + 8 = 2*z. Let c(v) = 2*v**2 - 5*v - 3. What is c(z)?
9
Let f(d) = -7*d**3 + 2*d**2 + 2*d - 5. Let a(m) = -m**3 - 1. Let j(g) = 6*a(g) - f(g). Let u = 6 + -3. Determine j(u).
2
Let y(c) = c**2 - 6*c + 5. Let g be (7/14)/(1/2). Let p be (-1)/((-3)/(g + 17)). What is y(p)?
5
Let x(j) = 3 - j**2 - 3*j - 5 + 3. What is x(-2)?
3
Let f(v) be the first derivative of 2*v**3/3 + 5*v**2/2 + 3*v + 3. Let k be f(-3). Let q(s) = -s**2 + 5*s + 4. What is q(k)?
-2
Suppose -3*c + 5*p + 27 = 0, 2*p + 12 = -2*p. Let h be c/18 - (-8)/(-36). Let j(w) = -2*w + h - 1 - 1. What is j(3)?
-8
Let u(m) be the third derivative of m**9/20160 - m**7/5040 - m**5/15 + 8*m**2. Let w(c) be the third derivative of u(c). Calculate w(1).
2
Let b(h) = 5*h**2 + h + 1. Let o be b(-1). Let n(z) = -z + o + 2 - 7. Give n(0).
0
Let l be 1/3 - (-4)/(-3). Let c(t) = -19*t**3 - t**2 + 1. Give c(l).
19
Let z(y) be the second derivative of -y**5/20 + y**4/2 + 3*y**3/2 - 4*y**2 + 2*y. Let a = 77 + -70. Give z(a).
6
Let k be 4/(-12) - 7/(-3). Suppose 0 = 4*j - f - 2*f + 19, -j + k*f - 11 = 0. Let s(u) = -17*u - 1. What is s(j)?
16
Let p(t) = -t**2 - 8*t. Let k be p(-9). Let v = -7 - k. Let o(f) = 3*f - 2. Calculate o(v).
4
Let k(p) be the second derivative of p**3/6 - 5*p**2/2 + 4*p. Give k(0).
-5
Let l(a) be the second derivative of a**5/20 - a**4/12 + a**3/6 + 2*a**2 - 5*a. Calculate l(0).
4
Let l be (2 - (-1 + 2))*2. Suppose 16 = 2*s + 3*s + l*c, -s + 14 = 4*c. Suppose 2*v + 12 = -s*v. Let j(p) = p**2 + 2*p - 3. Give j(v).
0
Let r(m) = -33*m + 9. Let f be (-2)/8 - (-249)/(-12). Let v(c) = 8*c - 2. Let g(q) = f*v(q) - 5*r(q). Suppose -3*d = -8 + 17. Give g(d).
6
Let f(r) be the first derivative of -r**3/3 - 4*r**2 - 3*r - 2. Suppose 3*t + 2 = 2*t - b, 3*b - 22 = 4*t. Calculate f(t).
13
Let x(v) = -v**2 + 6*v. Suppose -5*q + 35 = 2*u, -2*u + 30 = 3*q + u. What is x(q)?
5
Let o be (-44)/(16/4) + -1. Let x = o - -6. Let c(z) = 3*z + 8. Give c(x).
-10
Let b(k) be the second derivative of k**3/2 + 9*k**2/2 + 9*k. Calculate b(-6).
-9
Let w = -6 + 8. Suppose l = 2*l - w. Let a(u) = -1 - u + 0*u + l. Determine a(-4).
5
Suppose 2*v - v - 7 = 0. Suppose 3 - v = -n. Let a(b) = 7*b - 11. Let y(x) = 4*x - 6. Let g(q) = -3*a(q) + 5*y(q). Give g(n).
-1
Let g(i) = 6*i**3 + 1. Let h(y) be the second derivative of y**4/12 - 5*y**3/6 - y. Let t be h(6). Suppose -t*j + 4*j = 2. Calculate g(j).
-5
Suppose -7 = 2*t - 19. Let b be 1/1 - -1*t. Let a(k) = 3 - 3 + b*k. Give a(-1).
-7
Let d be ((-18)/(-42) - (-27)/(-14))*-2. Let q(t) = -t**2 - t + 4. Determine q(d).
-8
Let y(f) = -40 - 40 + 84 + f. What is y(-6)?
-2
Let a(b) = b + 4. Let z = 83 + -90. What is a(z)?
-3
Let p(m) be the third derivative of 5*m**4/12 - 4*m**2. Suppose -2*y + 4 - 2 = 0. Suppose 0 = b + y - 0. What is p(b)?
-10
Suppose -12*i + 11*i + 11 = 0. Let u be (1 + 1)/(22/i). Let m(n) be the third derivative of -n**5/30 + n**2. Determine m(u).
-2
Let g(i) be the third derivative of i**7/2520 + 7*i**6/720 + i**5/120 - 